 = -3*l - 0*b + 2*b, -4*l = 2*b + 14. Suppose -3*t + 2*t + 14 = 0. Let c = l + t. What is the units digit of c?
9
Suppose -10 = 8*h - 2. Let n be h*-3*8/6. Suppose -77 = -n*r - 17. What is the units digit of r?
5
Suppose -3561 - 4419 = -14*t. What is the hundreds digit of t?
5
Let w = -3 - 2. Let o(g) = g - 4*g + g + 7 + 0*g. What is the units digit of o(w)?
7
Let w(y) be the second derivative of -y**3/3 - y**2 + 5*y. Let v be w(-2). What is the units digit of (-25)/(-2)*4/v?
5
Let g(d) = -2*d**2 + 6*d - 11. Let y(l) = -2*l**2 + 5*l - 10. Let s(b) = -4*g(b) + 3*y(b). What is the tens digit of s(8)?
7
Let q(z) = -490*z + 26. What is the hundreds digit of q(-1)?
5
Let u be 6/8*48/18. Suppose l = 5*h + 68, -230 = -0*l - 3*l + u*h. Suppose -5*a + 3*c + 129 = 0, -3*a + 0*a + l = -2*c. What is the tens digit of a?
2
Let u(t) = 4*t**3 + 46*t**2 - 372*t + 8. What is the thousands digit of u(7)?
1
Suppose 3*a - 92 = -5*y, 3*y - 2*a = 16 + 43. Suppose -24*h + y*h = -395. What is the units digit of h?
9
Suppose 0 = -138*d + 127*d + 2123. Let n(r) = -3*r - 3. Let m be n(-2). Suppose 3*x - 2*j = d, 2*j - m + 1 = 0. What is the tens digit of x?
6
Let t = -13 - -14. Let y = t - -4. Suppose y*v + 20 = 0, 0*v + 111 = 5*x - 4*v. What is the units digit of x?
9
Suppose -r - 3*i + 368 - 954 = 0, 6 = -2*i. Let a = -332 - r. What is the hundreds digit of a?
2
Suppose 6 = y + 8. Let q be y/3 + 266/21. What is the tens digit of 8/(-2)*(-75)/q?
2
Suppose -2*t = -8*t + 12. Suppose -4*k - t*k + 468 = 0. What is the tens digit of k?
7
Let g = 996 + -307. What is the tens digit of g?
8
What is the thousands digit of (-51)/(-17) - 2026/(-1)?
2
Let c(k) = -294*k**3 - 2*k**2 - k - 1. Let x be c(-1). Suppose -4*t + 161 = 3*u - 51, 0 = 4*u - 4*t - x. What is the units digit of u?
2
Let s be -3 + 2 - (-2)/1. Suppose -2 = -b + s. Suppose -9 = -b*h + 45. What is the units digit of h?
8
Let a(z) = 2*z - 50. Let r be a(0). Let d = 196 + r. What is the units digit of d?
6
Let t = -117 - 46. Let o = t + 260. What is the units digit of o?
7
Let t(u) = u**3 - 8*u**2 + 7*u - 1. Let a be t(7). Let s = -20 - a. Let p = -6 - s. What is the units digit of p?
3
Suppose 4*y + 22572 = 31*y. What is the tens digit of y?
3
What is the hundreds digit of -1 - -625 - (-2 + 1)?
6
Let h(p) = 4*p + 112. What is the tens digit of h(18)?
8
Suppose 0 = 198*d - 227*d + 174. Let b(t) be the second derivative of t**4/12 - 5*t**3/6 - 5*t**2/2 - t. What is the units digit of b(d)?
1
Suppose 3*a = 4*z + 2345, 3*a - 798 - 1567 = -z. What is the hundreds digit of a?
7
Suppose -10 - 8 = -2*z. Let m(s) be the first derivative of -s**4/4 + 8*s**3/3 + 4*s**2 + 10*s + 43. What is the units digit of m(z)?
1
Let r be -6*5/(-30)*2. Suppose 57 = r*t - 1. What is the units digit of t?
9
What is the hundreds digit of (-10 + 1 - -21)*(-1342)/(-6)?
6
Suppose -57*o - 4392 = -63*o. What is the hundreds digit of o?
7
Let i be 0 + (2/(-2))/1. What is the units digit of 37 + (i + 1 - 2)?
5
Let c(s) be the first derivative of -7*s**2/2 + 2*s + 9. Let h be c(-3). Suppose -4*g + 44 = 3*v - h, -5*g + 89 = 2*v. What is the tens digit of g?
1
Let k = -8 - -22. Let h(t) be the first derivative of t**3/3 - 13*t**2/2 + 11*t - 142. What is the tens digit of h(k)?
2
Let f(q) = 353*q - 768. What is the units digit of f(11)?
5
Suppose 0 = 2*v + 19 - 59. What is the tens digit of 1/((v/295)/4)?
5
Suppose -2*j - 10 = 0, -j = -4*u - 4*j - 27. Let c be 2 - (-1 + (40 - u)). Let t = 58 + c. What is the tens digit of t?
1
Let b = -37 - -44. Suppose b*v + 27 = 8*v. What is the tens digit of v?
2
Suppose -4*r + 1884 = q - 3*q, 4*q + 948 = 2*r. What is the tens digit of r?
7
Suppose 4*n - 18 = q - 4*q, -n + 5 = q. Suppose 0 = 2*k - 3*x - 214, 152 + 54 = q*k + x. What is the units digit of k?
4
Let t(g) = g**3 - g**2 + 8*g + 82. What is the units digit of t(0)?
2
What is the thousands digit of 7*(-5582)/(-14) - (0 + -7)?
2
Let a(c) be the third derivative of c**5/60 + c**4/12 - 3*c**3/2 + 4*c**2. Let d be a(-4). What is the units digit of d/3 - 60/(-18)?
3
Suppose -3*w - k + 1488 = 0, -5*w + 5*k - 8*k + 2484 = 0. What is the units digit of w?
5
Let n(u) = 136*u - 67. What is the tens digit of n(2)?
0
Let p = 1151 + -726. What is the hundreds digit of p?
4
Let y(g) = -24*g - 381. What is the units digit of y(-43)?
1
Suppose 0 = c + c + 758. Let q = c + 611. What is the units digit of q/24 + (-4)/6?
9
Suppose 0 = -30*a + 48453 + 6957. What is the tens digit of a?
4
Let x(s) = -6*s**2 - 3*s - 2. Let k be x(-1). What is the units digit of (6/k)/(6/(-495))?
9
Suppose 6*j - 189157 = -77*j. What is the thousands digit of j?
2
Let r = 1345 - -1166. What is the thousands digit of r?
2
Let l(f) = 36*f**2 + 2*f - 6. Let m be (-1*(2 - 1))/((-2)/4). What is the units digit of l(m)?
2
Suppose -4*j - 2410 = -3*g + 6611, -j - 12015 = -4*g. Suppose 19*o - 8*o = g. What is the tens digit of o?
7
Let y(s) = -s**2 - 5*s - 4. Let c be y(-3). Let i = c + 7. What is the units digit of i?
9
Let t = 216 - 23. What is the tens digit of t?
9
Suppose u + 3 = 6. Suppose q + 4*o - 65 = 0, -u*q = -q + 3*o - 140. What is the units digit of q?
3
Let w be (8/(-6)*-4)/(32/48). What is the units digit of (-105)/(-10)*w/6?
4
Let h(x) = -x**3 - 4*x - 4. Let n be h(-3). Let u(s) = 4*s**3 + s - 1. Let l be u(1). Suppose l*o - n = -o. What is the units digit of o?
7
Let c(y) = -3*y**3 + 158*y**2 - 10*y + 36. What is the tens digit of c(52)?
2
Suppose 2*o - 4258 = -5*u, -4*o + 8516 = -16*u + 17*u. What is the thousands digit of o?
2
Let z(h) = 2*h**3 + 2*h**2 - h - 1. Let t be z(-1). What is the tens digit of (-1 - t - -1) + 267?
6
Suppose -5*c = 0, c + 90 = 5*b + 3*c. What is the units digit of b?
8
Let r(w) = -64*w + 2. What is the units digit of r(-2)?
0
Let w(z) = z**3 - 49*z**2 - 46*z + 14. What is the units digit of w(50)?
4
Suppose 3*t = -2*t. Suppose 0 = i + z - 16 - 204, -z - 1 = t. Suppose -3*a = 2*v - i, a - 5*a = -4*v - 308. What is the units digit of a?
5
Let w = -8 + 8. Suppose 4*r - r + 795 = w. What is the tens digit of 3/(-5) + r/(-25)?
1
Suppose 4*z - z = 15. Let a = z + -3. Suppose 2*h - 38 = 3*v - a*v, 5*v = -5*h + 95. What is the tens digit of h?
1
Let m(g) = -g + 16. Let j be m(10). What is the tens digit of j/5*320/24?
1
Let d be (-34)/(-51) - (-22)/3. Let u(y) = -y**3 + 8*y**2 + 4. Let m be u(d). Suppose 39 = 2*a - o - 4*o, -12 = m*o. What is the tens digit of a?
1
Let v(w) = -w**2 + 13*w. Let p be v(12). Let k = 9 - p. What is the units digit of 255/6 + k/6?
2
Suppose 3*t - 8 = -t. Let p(j) = -10 + t + j**2 + 5*j - 3. What is the units digit of p(-8)?
3
Let w be 20/6*(-18)/(-10). Suppose 2*j = -4*j - w. What is the units digit of -5 - -64 - (-2)/j?
7
Let q be -2 + 0/(-2) + 7. Suppose q*w - 571 = -161. What is the units digit of w?
2
Suppose -4*j + 117*r + 23211 = 120*r, 2*r = -3*j + 17407. What is the thousands digit of j?
5
Suppose 0 = -t - 3 - 1, 0 = -2*l - 3*t - 10. What is the units digit of ((-4)/(-5) + 3/15)/l?
1
Suppose -5*k + 4*p + 135 = -49, -100 = -3*k + 5*p. Let m = k + -15. Let a = m - 11. What is the tens digit of a?
1
Suppose 0 = 3*l - 10*l - 63. What is the units digit of (0 + 150/l)*-6?
0
Let k be (-1)/((140/6150)/14). Let y = -10 - 5. What is the tens digit of (-8)/2 + k/y?
3
Let p = -33 + 38. Suppose -p*a + 92 = -4*a - 3*y, 0 = -5*y - 10. What is the units digit of a?
6
Let q(o) = -9*o + 7. What is the units digit of q(-1)?
6
Let k = -133 - -94. Let z = 32 - k. What is the units digit of z?
1
Suppose 0 = d - 0*d - 5. Let q be 1/5 + d/(-25). Suppose 8*j - 5*j - 15 = q. What is the units digit of j?
5
Suppose -1459 = -3*s - 3*w - 22, 5*w = -s + 487. Suppose s + 333 = 6*h. What is the units digit of h?
5
Let s = -6869 + 13333. What is the hundreds digit of s?
4
What is the tens digit of 3/((-87564)/21900 - -4)?
2
Let t be 16/(-6)*(-6)/4. Suppose -4*i - 16 = -2*w, 2*i + 0 = t*w - 14. What is the tens digit of (-202)/(-8) - i/(-12)?
2
Let r(t) = t**3 + 15*t**2 + 7*t + 14. Let f be r(-10). Suppose -1368 - f = -12*m. What is the hundreds digit of m?
1
Suppose -k + 4 = 3*k. Let i be (k/4)/(3/(-12)). What is the units digit of 2*34*i/(-4)?
7
Let l(r) = r**2 + 302. Let j be l(0). Suppose 3*z = 2*i - 2*z - 173, -3*i - z = -j. Suppose -2*q + i = -3*b + 2, 3*b